t common factor of 152 and 56?
8
Calculate the highest common factor of 42 and 4935.
21
What is the greatest common factor of 75 and 19200?
75
Calculate the highest common divisor of 100 and 40.
20
Calculate the greatest common divisor of 112 and 476.
28
Calculate the highest common divisor of 4 and 29.
1
What is the greatest common divisor of 3496 and 760?
152
Calculate the greatest common divisor of 301 and 21.
7
What is the greatest common factor of 15128 and 124?
124
What is the highest common divisor of 277 and 11357?
277
Calculate the greatest common divisor of 2790 and 124.
62
Calculate the greatest common divisor of 155 and 45.
5
Calculate the highest common factor of 629 and 37.
37
Calculate the greatest common factor of 63 and 117.
9
What is the greatest common divisor of 35 and 995?
5
Calculate the greatest common divisor of 196 and 6419.
49
What is the greatest common divisor of 3 and 5004?
3
What is the highest common divisor of 248 and 1054?
62
Calculate the greatest common factor of 12 and 4292.
4
What is the greatest common factor of 72 and 36?
36
Calculate the greatest common factor of 13 and 10751.
13
Calculate the greatest common factor of 1873 and 2.
1
What is the highest common factor of 6196 and 8?
4
What is the highest common factor of 402 and 24?
6
What is the highest common divisor of 55 and 285?
5
Calculate the greatest common factor of 60 and 480.
60
Calculate the highest common divisor of 65 and 6955.
65
What is the greatest common divisor of 117 and 325?
13
What is the greatest common divisor of 25 and 75?
25
Calculate the greatest common divisor of 1248 and 96.
96
What is the greatest common divisor of 170 and 34?
34
What is the highest common factor of 50 and 160?
10
Calculate the greatest common divisor of 1116 and 288.
36
What is the highest common factor of 326 and 7987?
163
What is the greatest common divisor of 39 and 2262?
39
What is the highest common factor of 1960 and 30?
10
Calculate the greatest common divisor of 1395 and 1333.
31
What is the greatest common divisor of 27 and 1269?
27
What is the greatest common divisor of 602 and 112?
14
Calculate the greatest common factor of 1024 and 104.
8
Calculate the greatest common factor of 63 and 1.
1
Calculate the greatest common factor of 2376 and 108.
108
Calculate the highest common factor of 56 and 3661.
7
What is the greatest common divisor of 24 and 894?
6
Calculate the highest common divisor of 77 and 4697.
77
What is the highest common factor of 220 and 40?
20
What is the greatest common factor of 102 and 272?
34
Calculate the greatest common factor of 884 and 374.
34
Calculate the greatest common divisor of 1 and 281.
1
Calculate the greatest common divisor of 1053 and 312.
39
Calculate the greatest common divisor of 57 and 95.
19
Calculate the highest common divisor of 286 and 208.
26
Calculate the greatest common divisor of 1862 and 1519.
49
What is the highest common factor of 22794 and 696?
174
Calculate the highest common factor of 11924 and 813.
271
What is the greatest common factor of 72 and 168?
24
What is the highest common divisor of 62 and 1705?
31
What is the greatest common divisor of 3094 and 247?
13
What is the greatest common factor of 200 and 120?
40
Calculate the greatest common factor of 248 and 16.
8
What is the highest common factor of 10737 and 36?
9
Calculate the greatest common divisor of 124 and 4.
4
What is the highest common divisor of 812 and 868?
28
What is the highest common divisor of 56 and 10962?
14
What is the highest common divisor of 153 and 2771?
17
What is the highest common factor of 64 and 4?
4
What is the highest common divisor of 1717 and 187?
17
What is the greatest common divisor of 14 and 6559?
7
Calculate the greatest common factor of 1674 and 341.
31
What is the highest common factor of 60 and 2058?
6
What is the greatest common factor of 333 and 45?
9
Calculate the greatest common divisor of 16562 and 26.
26
Calculate the greatest common factor of 57565 and 145.
145
What is the greatest common divisor of 9 and 15?
3
What is the highest common divisor of 59 and 24662?
59
What is the greatest common divisor of 36 and 180?
36
Calculate the highest common divisor of 403 and 279.
31
What is the highest common factor of 96 and 224?
32
What is the greatest common divisor of 19 and 513?
19
Calculate the highest common divisor of 575 and 138.
23
What is the greatest common divisor of 1911 and 588?
147
What is the greatest common factor of 6 and 207?
3
What is the highest common factor of 814 and 154?
22
What is the greatest common divisor of 567 and 81?
81
What is the highest common factor of 328 and 41?
41
Calculate the greatest common factor of 12 and 123.
3
Calculate the greatest common factor of 45 and 240.
15
Calculate the highest common factor of 399 and 4256.
133
What is the highest common factor of 3005 and 2?
1
Calculate the highest common factor of 45500 and 364.
364
Calculate the highest common divisor of 4654 and 26.
26
Calculate the highest common divisor of 61 and 9394.
61
Calculate the highest common factor of 72 and 63.
9
What is the greatest common divisor of 26 and 5603?
13
What is the highest common divisor of 599 and 3?
1
What is the greatest common factor of 1905 and 3?
3
What is the greatest common divisor of 7025 and 200?
25
Calculate the highest common factor of 162 and 2.
2
Calculate the highest common divisor of 6228 and 126.
18
What is the greatest common divisor of 270 and 10?
10
Calculate the greatest common factor of 670 and 170.
10
What is the greatest common factor of 4 and 32?
4
Calculate the highest common factor of 30 and 90.
30
What is the highest common factor of 104 and 1404?
52
Calculate the highest common divisor of 550 and 616.
22
What is the greatest common factor of 837 and 459?
27
Calculate the highest common factor of 2314 and 26.
26
Calculate the highest common factor of 25 and 875.
25
Calculate the greatest common divisor of 7891 and 13.
13
What is the highest common factor of 13 and 1313?
13
What is the greatest common divisor of 136 and 48?
8
What is the greatest common factor of 10 and 620?
10
What is the greatest common factor of 85 and 3587?
17
What is the highest common factor of 18 and 35766?
18
What is the highest common factor of 2094 and 12?
6
Calculate the highest common factor of 18 and 981.
9
What is the greatest common divisor of 381 and 51?
3
Calculate the highest common factor of 627 and 228.
57
Calculate the greatest common factor of 7 and 19376.
7
Calculate the greatest common factor of 23 and 1357.
23
What is the highest common factor of 10 and 30?
10
Calculate the greatest common factor of 8044 and 28.
4
What is the greatest common factor of 51 and 68?
17
Calculate the greatest common factor of 117 and 9.
9
What is the highest common divisor of 210 and 140?
70
What is the highest common divisor of 187 and 407?
11
Calculate the highest common factor of 10 and 18110.
10
Calculate the highest common factor of 4119 and 12.
3
Calculate the highest common factor of 6783 and 17.
17
Calculate the highest common divisor of 18 and 630.
18
Calculate the greatest common factor of 148 and 74.
74
Calculate the greatest common factor of 306 and 54.
18
What is the highest common factor of 4238 and 13?
13
What is the highest common divisor of 110 and 1705?
55
What is the greatest common divisor of 1044 and 99?
9
What is the greatest common divisor of 855 and 45?
45
Calculate the highest common divisor of 117 and 27963.
117
What is the highest common divisor of 1029 and 42?
21
What is the greatest common divisor of 3798 and 99?
9
What is the greatest common divisor of 574 and 28?
14
Calculate the highest common divisor of 492 and 12.
12
Calculate the highest common divisor of 36 and 63.
9
Calculate the greatest common divisor of 799 and 323.
17
What is the highest common factor of 43 and 3?
1
Calculate the greatest common divisor of 11556 and 2140.
428
What is the highest common divisor of 2 and 2157?
1
Calculate the highest common factor of 12 and 1632.
12
What is the greatest common factor of 32 and 56?
8
Calculate the greatest common factor of 24 and 216.
24
What is the greatest common divisor of 52 and 871?
13
Calculate the greatest common factor of 98 